isor of 73910 and 30.
10
Calculate the greatest common factor of 58026 and 114.
114
What is the highest common divisor of 156525 and 75?
75
Calculate the greatest common factor of 2576710 and 50.
10
What is the greatest common divisor of 253467 and 72?
9
What is the highest common divisor of 368990 and 20?
10
What is the highest common factor of 202660 and 15?
5
What is the greatest common factor of 1092 and 142800?
84
Calculate the greatest common divisor of 46532 and 20.
4
Calculate the greatest common factor of 65125 and 9000.
125
What is the highest common factor of 6 and 23562?
6
What is the highest common factor of 42708 and 204?
12
What is the highest common factor of 145639 and 1105?
221
Calculate the greatest common factor of 320 and 91440.
80
What is the greatest common factor of 236 and 126083?
59
What is the greatest common divisor of 1554 and 38332?
518
What is the highest common divisor of 1530 and 190570?
170
Calculate the greatest common factor of 43662 and 171.
57
What is the highest common factor of 77 and 6139?
7
Calculate the greatest common divisor of 15 and 948260.
5
Calculate the greatest common divisor of 735 and 10416.
21
What is the highest common factor of 43614 and 12?
6
What is the highest common factor of 2890691 and 58?
29
What is the greatest common factor of 1034 and 75999?
517
What is the greatest common factor of 65332 and 24?
4
What is the greatest common divisor of 6 and 30231?
3
Calculate the greatest common divisor of 171 and 16473.
57
Calculate the highest common divisor of 111 and 52651.
37
Calculate the greatest common factor of 4711 and 21.
7
Calculate the greatest common factor of 176 and 119152.
176
Calculate the highest common factor of 45901 and 233.
233
Calculate the highest common divisor of 2 and 19309.
1
Calculate the greatest common divisor of 40350 and 85004.
538
Calculate the greatest common divisor of 3419 and 16679.
13
Calculate the highest common factor of 115 and 77533.
23
Calculate the greatest common factor of 1119 and 96.
3
Calculate the greatest common divisor of 304 and 4164914.
38
What is the highest common divisor of 4738440 and 42?
42
What is the highest common factor of 3489 and 66?
3
What is the highest common divisor of 7755 and 30?
15
Calculate the highest common factor of 10290 and 1610.
70
What is the greatest common divisor of 7344 and 80?
16
What is the greatest common divisor of 7856 and 512?
16
What is the greatest common factor of 4389 and 54435?
57
Calculate the highest common divisor of 648 and 9396.
324
Calculate the greatest common divisor of 17622 and 8989.
89
Calculate the greatest common factor of 1913164 and 88.
44
Calculate the highest common factor of 12383 and 49.
7
What is the highest common factor of 938 and 60166?
134
Calculate the highest common divisor of 1533987 and 78.
39
What is the greatest common factor of 586445 and 3710?
265
Calculate the highest common factor of 36 and 51216.
12
Calculate the greatest common factor of 845 and 13182.
169
What is the greatest common factor of 38 and 113962?
38
Calculate the highest common divisor of 7617144 and 72.
24
Calculate the highest common divisor of 764 and 178203.
191
Calculate the greatest common factor of 51093 and 189.
63
What is the greatest common factor of 3725 and 18178?
149
What is the greatest common factor of 168 and 22743?
21
What is the greatest common divisor of 338144 and 800?
32
Calculate the highest common divisor of 104625 and 405.
135
Calculate the highest common divisor of 39 and 428160.
3
What is the highest common divisor of 1501 and 7110?
79
Calculate the greatest common factor of 1008 and 13008.
48
What is the greatest common divisor of 41684 and 102371?
613
What is the greatest common divisor of 236 and 367747?
59
What is the highest common factor of 2008 and 110189?
251
What is the greatest common divisor of 170821 and 161?
161
Calculate the highest common divisor of 7954 and 15132.
194
Calculate the highest common divisor of 4851 and 15543.
99
What is the greatest common divisor of 10027 and 8510?
37
What is the greatest common factor of 12 and 39129?
3
What is the greatest common factor of 9144 and 2808?
72
Calculate the highest common divisor of 260 and 872940.
20
Calculate the greatest common divisor of 221 and 16237.
13
Calculate the greatest common divisor of 8928 and 30969.
279
What is the highest common factor of 11607 and 636?
159
What is the greatest common factor of 142 and 2078?
2
Calculate the highest common divisor of 175 and 43275.
25
What is the highest common factor of 182638 and 14734?
106
Calculate the highest common factor of 6405 and 10614.
183
What is the highest common factor of 7708 and 14432?
164
What is the highest common divisor of 1146 and 700588?
382
What is the greatest common factor of 121745 and 780?
65
What is the greatest common factor of 336 and 450688?
112
What is the greatest common divisor of 2400 and 45?
15
What is the greatest common divisor of 496 and 18042?
62
Calculate the greatest common factor of 6060 and 2595.
15
Calculate the greatest common divisor of 3530 and 403126.
706
Calculate the highest common factor of 2 and 35498.
2
What is the highest common divisor of 14 and 83461?
7
What is the greatest common divisor of 255 and 6507?
3
Calculate the highest common factor of 25290 and 675.
45
What is the highest common divisor of 178365 and 10065?
165
Calculate the highest common factor of 87 and 1496603.
29
What is the highest common divisor of 800 and 992?
32
Calculate the highest common factor of 2444 and 59228.
52
Calculate the highest common divisor of 9736 and 220277.
1217
Calculate the highest common divisor of 350 and 7252.
14
What is the greatest common factor of 118015 and 9?
1
What is the greatest common divisor of 5712 and 3000432?
816
What is the greatest common factor of 150 and 82400?
50
Calculate the highest common factor of 1210472 and 664.
664
What is the highest common factor of 468176 and 58?
58
Calculate the greatest common factor of 154240 and 1216.
64
What is the greatest common factor of 15 and 35043?
3
What is the highest common divisor of 1442 and 1050?
14
Calculate the greatest common divisor of 134528 and 128.
128
Calculate the highest common divisor of 420 and 2814.
42
What is the greatest common factor of 8 and 2426948?
4
Calculate the greatest common divisor of 5480 and 4000.
40
Calculate the greatest common divisor of 267597 and 53.
53
What is the greatest common divisor of 516 and 1204?
172
What is the greatest common factor of 141 and 2787?
3
What is the greatest common factor of 10 and 2034490?
10
What is the highest common divisor of 3263 and 143?
13
What is the highest common divisor of 792 and 7227?
99
Calculate the greatest common divisor of 18811 and 26.
13
Calculate the highest common factor of 213317 and 244.
61
Calculate the greatest common divisor of 9116 and 18146.
86
Calculate the greatest common factor of 231 and 24591.
21
What is the highest common divisor of 22194 and 141588?
162
What is the highest common factor of 528 and 7942?
22
Calculate the highest common divisor of 2244 and 926024.
748
Calculate the highest common factor of 162 and 450396.
18
What is the highest common divisor of 2166 and 3990?
114
Calculate the highest common factor of 48 and 896.
16
What is the greatest common factor of 33226 and 1702?
74
What is the highest common divisor of 1064 and 56?
56
Calculate the highest common divisor of 162 and 42849.
81
Calculate the greatest common factor of 1760 and 15785.
55
What is the greatest common factor of 80 and 75620?
20
Calculate the highest common divisor of 298661 and 1045.
209
What is the highest common factor of 1272 and 33284?
212
Calculate the greatest common divisor of 10030 and 9499.
59
Calculate the highest common factor of 2520 and 32480.
280
Calculate the highest common factor of 11557 and 23241.
127
Calculate the greatest common factor of 19197 and 1944.
243
What is the highest common divisor of 5271 and 10437?
21
What is the greatest common divisor of 1815231 and 99?
33
Calculate the highest common divisor of 8118 and 6847.
41
What is the greatest common factor of 4 and 608?
4
What is the highest common factor of 63639 and 297?
27
Calculate the greatest co